Last updated on 2025-05-06 03:51:20 CEST.
Flavor | Version | Tinstall | Tcheck | Ttotal | Status | Flags |
---|---|---|---|---|---|---|
r-devel-linux-x86_64-debian-clang | 1.0.2 | 2.75 | 28.66 | 31.41 | NOTE | |
r-devel-linux-x86_64-debian-gcc | 1.0.2 | 2.05 | 21.47 | 23.52 | NOTE | |
r-devel-linux-x86_64-fedora-clang | 1.0.2 | 50.16 | OK | |||
r-devel-linux-x86_64-fedora-gcc | 1.0.2 | 47.09 | OK | |||
r-devel-windows-x86_64 | 1.0.2 | 3.00 | 47.00 | 50.00 | OK | |
r-patched-linux-x86_64 | 1.0.2 | 2.83 | 27.34 | 30.17 | OK | |
r-release-linux-x86_64 | 1.0.2 | 2.75 | 27.24 | 29.99 | OK | |
r-release-macos-arm64 | 1.0.2 | 19.00 | OK | |||
r-release-macos-x86_64 | 1.0.2 | 32.00 | OK | |||
r-release-windows-x86_64 | 1.0.2 | 4.00 | 49.00 | 53.00 | OK | |
r-oldrel-macos-arm64 | 1.0.2 | 18.00 | OK | |||
r-oldrel-macos-x86_64 | 1.0.2 | 26.00 | OK | |||
r-oldrel-windows-x86_64 | 1.0.2 | 3.00 | 54.00 | 57.00 | OK |
Version: 1.0.2
Check: CRAN incoming feasibility
Result: NOTE
Maintainer: ‘Joseph de Vilmarest <joseph.de-vilmarest@vikingconseil.fr>’
No Authors@R field in DESCRIPTION.
Please add one, modifying
Authors@R: person(given = "Joseph",
family = "de Vilmarest",
role = c("aut", "cre"),
email = "joseph.de-vilmarest@vikingconseil.fr",
comment = c(ORCID = "0000-0002-0634-8484"))
as necessary.
Flavors: r-devel-linux-x86_64-debian-clang, r-devel-linux-x86_64-debian-gcc