CRAN Package Check Results for Package vscc

Last updated on 2025-05-06 12:49:53 CEST.

Flavor Version Tinstall Tcheck Ttotal Status Flags
r-devel-linux-x86_64-debian-clang 0.7 5.78 84.26 90.04 NOTE
r-devel-linux-x86_64-debian-gcc 0.7 4.14 50.75 54.89 NOTE
r-devel-linux-x86_64-fedora-clang 0.7 145.29 OK
r-devel-linux-x86_64-fedora-gcc 0.7 119.28 OK
r-devel-windows-x86_64 0.7 7.00 92.00 99.00 NOTE
r-patched-linux-x86_64 0.7 5.85 68.28 74.13 NOTE
r-release-linux-x86_64 0.7 5.39 68.57 73.96 NOTE
r-release-macos-arm64 0.7 46.00 OK
r-release-macos-x86_64 0.7 85.00 OK
r-release-windows-x86_64 0.7 7.00 96.00 103.00 NOTE
r-oldrel-macos-arm64 0.7 40.00 OK
r-oldrel-macos-x86_64 0.7 61.00 OK
r-oldrel-windows-x86_64 0.7 8.00 108.00 116.00 OK

Check Details

Version: 0.7
Check: Rd cross-references
Result: NOTE Found the following Rd file(s) with Rd \link{} targets missing package anchors: vscc.Rd: teigen, Mclust Please provide package anchors for all Rd \link{} targets not in the package itself and the base packages. Flavors: r-devel-linux-x86_64-debian-clang, r-devel-linux-x86_64-debian-gcc, r-devel-windows-x86_64, r-patched-linux-x86_64, r-release-linux-x86_64, r-release-windows-x86_64