Last updated on 2025-05-03 21:51:36 CEST.
Flavor | Version | Tinstall | Tcheck | Ttotal | Status | Flags |
---|---|---|---|---|---|---|
r-devel-linux-x86_64-debian-clang | 1.2.2 | 2.31 | 25.95 | 28.26 | NOTE | |
r-devel-linux-x86_64-debian-gcc | 1.2.2 | 1.76 | 21.23 | 22.99 | NOTE | |
r-devel-linux-x86_64-fedora-clang | 1.2.2 | 46.11 | OK | |||
r-devel-linux-x86_64-fedora-gcc | 1.2.2 | 57.19 | OK | |||
r-devel-windows-x86_64 | 1.2.2 | 4.00 | 53.00 | 57.00 | OK | |
r-patched-linux-x86_64 | 1.2.2 | 2.63 | 25.07 | 27.70 | OK | |
r-release-linux-x86_64 | OK | |||||
r-release-macos-arm64 | 1.2.2 | 28.00 | OK | |||
r-release-macos-x86_64 | 1.2.2 | 41.00 | OK | |||
r-release-windows-x86_64 | 1.2.2 | 3.00 | 52.00 | 55.00 | OK | |
r-oldrel-macos-arm64 | 1.2.2 | 29.00 | OK | |||
r-oldrel-macos-x86_64 | 1.2.2 | 37.00 | OK | |||
r-oldrel-windows-x86_64 | 1.2.2 | 3.00 | 57.00 | 60.00 | OK |
Version: 1.2.2
Check: CRAN incoming feasibility
Result: NOTE
Maintainer: ‘Brooke Anderson <brooke.anderson@colostate.edu>’
Package CITATION file contains call(s) to old-style personList() or
as.personList(). Please use c() on person objects instead.
Package CITATION file contains call(s) to old-style citEntry(). Please
use bibentry() instead.
Flavors: r-devel-linux-x86_64-debian-clang, r-devel-linux-x86_64-debian-gcc