CRAN Package Check Results for Package wec

Last updated on 2025-05-03 21:51:36 CEST.

Flavor Version Tinstall Tcheck Ttotal Status Flags
r-devel-linux-x86_64-debian-clang 0.4-1 3.70 34.18 37.88 NOTE
r-devel-linux-x86_64-debian-gcc 0.4-1 2.78 25.66 28.44 NOTE
r-devel-linux-x86_64-fedora-clang 0.4-1 58.46 OK
r-devel-linux-x86_64-fedora-gcc 0.4-1 54.34 OK
r-devel-windows-x86_64 0.4-1 6.00 58.00 64.00 OK
r-patched-linux-x86_64 0.4-1 3.52 32.28 35.80 OK
r-release-linux-x86_64 OK
r-release-macos-arm64 0.4-1 23.00 OK
r-release-macos-x86_64 0.4-1 39.00 OK
r-release-windows-x86_64 0.4-1 5.00 57.00 62.00 OK
r-oldrel-macos-arm64 0.4-1 23.00 OK
r-oldrel-macos-x86_64 0.4-1 33.00 OK
r-oldrel-windows-x86_64 0.4-1 6.00 64.00 70.00 OK

Check Details

Version: 0.4-1
Check: CRAN incoming feasibility
Result: NOTE Maintainer: ‘Rense Nieuwenhuis <rense.nieuwenhuis@sofi.su.se>’ No Authors@R field in DESCRIPTION. Please add one, modifying Authors@R: c(person(given = "Rense", family = "Nieuwenhuis", role = c("aut", "cre"), email = "rense.nieuwenhuis@sofi.su.se"), person(given = c("Manfred", "te"), family = "Grotenhuis", role = "aut"), person(given = "Ben", family = "Pelzer", role = "aut"), person(given = "Alexander", family = "Schmidt", role = "aut"), person(given = "Ruben", family = "Konig", role = "aut"), person(given = "Rob", family = "Eisinga", role = "aut")) as necessary. Package CITATION file contains call(s) to old-style personList() or as.personList(). Please use c() on person objects instead. Package CITATION file contains call(s) to old-style citEntry(). Please use bibentry() instead. Flavors: r-devel-linux-x86_64-debian-clang, r-devel-linux-x86_64-debian-gcc