CRAN Package Check Results for Package weights

Last updated on 2025-05-03 21:51:36 CEST.

Flavor Version Tinstall Tcheck Ttotal Status Flags
r-devel-linux-x86_64-debian-clang 1.0.4 17.81 113.20 131.01 NOTE
r-devel-linux-x86_64-debian-gcc 1.0.4 11.54 81.98 93.52 NOTE
r-devel-linux-x86_64-fedora-clang 1.0.4 190.84 OK
r-devel-linux-x86_64-fedora-gcc 1.0.4 189.90 OK
r-devel-windows-x86_64 1.0.4 20.00 117.00 137.00 NOTE
r-patched-linux-x86_64 1.0.4 17.05 106.71 123.76 NOTE
r-release-linux-x86_64 NOTE
r-release-macos-arm64 1.0.4 50.00 OK
r-release-macos-x86_64 1.0.4 101.00 OK
r-release-windows-x86_64 1.0.4 19.00 114.00 133.00 NOTE
r-oldrel-macos-arm64 1.0.4 49.00 OK
r-oldrel-macos-x86_64 1.0.4 75.00 OK
r-oldrel-windows-x86_64 1.0.4 26.00 146.00 172.00 OK

Check Details

Version: 1.0.4
Check: CRAN incoming feasibility
Result: NOTE Maintainer: ‘Josh Pasek <josh@joshpasek.com>’ No Authors@R field in DESCRIPTION. Please add one, modifying Authors@R: c(person(given = "Josh", family = "Pasek", role = c("aut", "cre"), email = "josh@joshpasek.com"), person(given = c("with", "some", "assistance", "from", "Alex"), family = "Tahk"), person(given = c("some", "code", "modified", "from", "R-core;", "Additional", "contributions", "by", "Gene"), family = "Culter"), person(given = "Marcus", family = "Schwemmle.")) as necessary. Flavors: r-devel-linux-x86_64-debian-clang, r-devel-linux-x86_64-debian-gcc

Version: 1.0.4
Check: Rd cross-references
Result: NOTE Found the following Rd file(s) with Rd \link{} targets missing package anchors: plotwtdinteraction.Rd: mice, gam, bam wpct.Rd: wtd.table Please provide package anchors for all Rd \link{} targets not in the package itself and the base packages. Flavors: r-devel-linux-x86_64-debian-clang, r-devel-linux-x86_64-debian-gcc, r-devel-windows-x86_64, r-patched-linux-x86_64, r-release-linux-x86_64, r-release-windows-x86_64