CRAN Package Check Results for Package whitestrap

Last updated on 2025-05-03 21:51:36 CEST.

Flavor Version Tinstall Tcheck Ttotal Status Flags
r-devel-linux-x86_64-debian-clang 0.0.1 1.69 29.39 31.08 NOTE
r-devel-linux-x86_64-debian-gcc 0.0.1 1.38 22.52 23.90 NOTE
r-devel-linux-x86_64-fedora-clang 0.0.1 46.72 OK
r-devel-linux-x86_64-fedora-gcc 0.0.1 45.51 OK
r-devel-windows-x86_64 0.0.1 3.00 48.00 51.00 OK
r-patched-linux-x86_64 0.0.1 1.57 27.25 28.82 OK
r-release-linux-x86_64 OK
r-release-macos-arm64 0.0.1 19.00 OK
r-release-macos-x86_64 0.0.1 32.00 OK
r-release-windows-x86_64 0.0.1 4.00 48.00 52.00 OK
r-oldrel-macos-arm64 0.0.1 19.00 NOTE
r-oldrel-macos-x86_64 0.0.1 27.00 NOTE
r-oldrel-windows-x86_64 0.0.1 3.00 56.00 59.00 NOTE

Check Details

Version: 0.0.1
Check: CRAN incoming feasibility
Result: NOTE Maintainer: ‘Jorge Lopez Perez <jorge@loperez.com>’ Package CITATION file contains call(s) to old-style citEntry(). Please use bibentry() instead. Flavors: r-devel-linux-x86_64-debian-clang, r-devel-linux-x86_64-debian-gcc

Version: 0.0.1
Check: LazyData
Result: NOTE 'LazyData' is specified without a 'data' directory Flavors: r-oldrel-macos-arm64, r-oldrel-macos-x86_64, r-oldrel-windows-x86_64