Last updated on 2025-05-03 21:51:36 CEST.
Flavor | Version | Tinstall | Tcheck | Ttotal | Status | Flags |
---|---|---|---|---|---|---|
r-devel-linux-x86_64-debian-clang | 0.1.5 | 6.48 | 47.84 | 54.32 | ERROR | |
r-devel-linux-x86_64-debian-gcc | 0.1.6 | 3.84 | 34.24 | 38.08 | OK | |
r-devel-linux-x86_64-fedora-clang | 0.1.6 | 79.38 | OK | |||
r-devel-linux-x86_64-fedora-gcc | 0.1.6 | 77.69 | OK | |||
r-devel-windows-x86_64 | 0.1.5 | 7.00 | 65.00 | 72.00 | ERROR | |
r-patched-linux-x86_64 | 0.1.5 | 5.45 | 43.80 | 49.25 | ERROR | |
r-release-linux-x86_64 | OK | |||||
r-release-macos-arm64 | 0.1.6 | 25.00 | OK | |||
r-release-macos-x86_64 | 0.1.6 | 64.00 | OK | |||
r-release-windows-x86_64 | 0.1.6 | 9.00 | 60.00 | 69.00 | OK | |
r-oldrel-macos-arm64 | 0.1.6 | 31.00 | OK | |||
r-oldrel-macos-x86_64 | 0.1.6 | 70.00 | OK | |||
r-oldrel-windows-x86_64 | 0.1.5 | 10.00 | 82.00 | 92.00 | ERROR |
Version: 0.1.5
Check: examples
Result: ERROR
Running examples in ‘wikiprofiler-Ex.R’ failed
The error most likely occurred in:
> base::assign(".ptime", proc.time(), pos = "CheckExEnv")
> ### Name: wpplot
> ### Title: Input specific wikipathways ID to get an output in class of
> ### wpplot.
> ### Aliases: wpplot
>
> ### ** Examples
>
> if (yulab.utils::has_internet())
+ wpplot('WP179')
Warning in (function (con = stdin(), n = -1L, ok = TRUE, warn = TRUE, encoding = "unknown", :
incomplete final line found on 'https://www.wikipathways.org/wikipathways-assets/pathways/WP179/WP179.svg'
Error in rsvg::rsvg_nativeraster(f) :
Failed to parse svg: XML parse error: Error domain 1 code 77 on line 1 column 294913 of data: Premature end of data in tag g line 1
Calls: <Anonymous> ... annotation_custom -> layer -> as.grob -> as.grob.wpplot -> <Anonymous>
Execution halted
Flavors: r-devel-linux-x86_64-debian-clang, r-patched-linux-x86_64
Version: 0.1.5
Check: examples
Result: ERROR
Running examples in 'wikiprofiler-Ex.R' failed
The error most likely occurred in:
> ### Name: wpplot
> ### Title: Input specific wikipathways ID to get an output in class of
> ### wpplot.
> ### Aliases: wpplot
>
> ### ** Examples
>
> if (yulab.utils::has_internet())
+ wpplot('WP179')
Warning in (function (con = stdin(), n = -1L, ok = TRUE, warn = TRUE, encoding = "unknown", :
incomplete final line found on 'https://www.wikipathways.org/wikipathways-assets/pathways/WP179/WP179.svg'
Error in rsvg::rsvg_nativeraster(f) :
Failed to parse svg: XML parse error: Error domain 1 code 77 on line 1 column 294913 of data: Premature end of data in tag g line 1
Calls: <Anonymous> ... annotation_custom -> layer -> as.grob -> as.grob.wpplot -> <Anonymous>
Execution halted
Flavor: r-devel-windows-x86_64
Version: 0.1.5
Check: examples
Result: ERROR
Running examples in 'wikiprofiler-Ex.R' failed
The error most likely occurred in:
> ### Name: wpplot
> ### Title: Input specific wikipathways ID to get an output in class of
> ### wpplot.
> ### Aliases: wpplot
>
> ### ** Examples
>
> if (yulab.utils::has_internet())
+ wpplot('WP179')
Warning in (function (con = stdin(), n = -1L, ok = TRUE, warn = TRUE, encoding = "unknown", :
incomplete final line found on 'https://www.wikipathways.org/wikipathways-assets/pathways/WP179/WP179.svg'
Error in rsvg::rsvg_nativeraster(f) :
Failed to parse svg: XML parse error: Error domain 1 code 77 on line 1 column 302186 of data: Premature end of data in tag g line 1
Calls: <Anonymous> ... annotation_custom -> layer -> as.grob -> as.grob.wpplot -> <Anonymous>
Execution halted
Flavor: r-oldrel-windows-x86_64