Last updated on 2025-07-22 12:49:50 CEST.
Flavor | Version | Tinstall | Tcheck | Ttotal | Status | Flags |
---|---|---|---|---|---|---|
r-devel-linux-x86_64-debian-clang | 1.1.0 | 2.69 | 27.72 | 30.41 | OK | |
r-devel-linux-x86_64-debian-gcc | 1.1.0 | 2.14 | 22.58 | 24.72 | OK | |
r-devel-linux-x86_64-fedora-clang | 1.1.0 | 49.31 | NOTE | |||
r-devel-linux-x86_64-fedora-gcc | 1.1.0 | 59.29 | NOTE | |||
r-devel-windows-x86_64 | 1.1.0 | 5.00 | 49.00 | 54.00 | OK | |
r-patched-linux-x86_64 | 1.1.0 | 3.00 | 26.24 | 29.24 | OK | |
r-release-linux-x86_64 | 1.1.0 | 2.89 | 26.41 | 29.30 | OK | |
r-release-macos-arm64 | 1.1.0 | 47.00 | OK | |||
r-release-macos-x86_64 | 1.1.0 | 61.00 | OK | |||
r-release-windows-x86_64 | 1.1.0 | 5.00 | 51.00 | 56.00 | OK | |
r-oldrel-macos-arm64 | 1.1.0 | 26.00 | OK | |||
r-oldrel-macos-x86_64 | 1.1.0 | 52.00 | OK | |||
r-oldrel-windows-x86_64 | 1.1.0 | 6.00 | 56.00 | 62.00 | OK |
Version: 1.1.0
Check: dependencies in R code
Result: NOTE
Namespace in Imports field not imported from: ‘roxygen2’
All declared Imports should be used.
Flavors: r-devel-linux-x86_64-fedora-clang, r-devel-linux-x86_64-fedora-gcc