Last updated on 2024-06-17 06:50:36 CEST.
Flavor | Version | Tinstall | Tcheck | Ttotal | Status | Flags |
---|---|---|---|---|---|---|
r-devel-linux-x86_64-debian-clang | 1.0.5 | 277.00 | 297.40 | 574.40 | OK | |
r-devel-linux-x86_64-debian-gcc | 1.0.5 | 180.32 | 230.21 | 410.53 | OK | |
r-devel-linux-x86_64-fedora-clang | 1.0.5 | 800.38 | OK | |||
r-devel-linux-x86_64-fedora-gcc | 1.0.5 | 834.32 | OK | |||
r-devel-windows-x86_64 | 1.0.5 | 206.00 | 235.00 | 441.00 | OK | |
r-patched-linux-x86_64 | 1.0.5 | 222.00 | 283.96 | 505.96 | OK | |
r-release-linux-x86_64 | 1.0.5 | 206.91 | 277.94 | 484.85 | OK | |
r-release-macos-arm64 | 1.0.5 | 181.00 | NOTE | |||
r-release-macos-x86_64 | 1.0.5 | 213.00 | NOTE | |||
r-release-windows-x86_64 | 1.0.5 | 208.00 | 240.00 | 448.00 | OK | |
r-oldrel-macos-arm64 | 1.0.5 | 212.00 | NOTE | |||
r-oldrel-macos-x86_64 | 1.0.5 | 364.00 | NOTE | |||
r-oldrel-windows-x86_64 | 1.0.5 | 250.00 | 288.00 | 538.00 | OK |
Version: 1.0.5
Check: installed package size
Result: NOTE
installed size is 8.7Mb
sub-directories of 1Mb or more:
libs 7.9Mb
Flavors: r-release-macos-arm64, r-release-macos-x86_64, r-oldrel-macos-arm64, r-oldrel-macos-x86_64
Version: 1.0.5
Check: package dependencies
Result: NOTE
Package suggested but not available for checking: ‘classInt’
Flavor: r-oldrel-macos-x86_64