Last updated on 2025-07-23 21:52:04 CEST.
Flavor | Version | Tinstall | Tcheck | Ttotal | Status | Flags |
---|---|---|---|---|---|---|
r-devel-linux-x86_64-debian-clang | 1.4-4 | 15.58 | 59.37 | 74.95 | OK | |
r-devel-linux-x86_64-debian-gcc | 1.4-4 | 10.94 | 43.29 | 54.23 | OK | |
r-devel-linux-x86_64-fedora-clang | 1.4-4 | 115.62 | OK | |||
r-devel-linux-x86_64-fedora-gcc | 1.4-4 | 124.57 | OK | |||
r-devel-windows-x86_64 | 1.4-4 | 17.00 | 102.00 | 119.00 | OK | |
r-patched-linux-x86_64 | 1.4-4 | 19.29 | 55.24 | 74.53 | OK | |
r-release-linux-x86_64 | 1.4-4 | 15.07 | 55.19 | 70.26 | OK | |
r-release-macos-arm64 | 1.4-4 | 51.00 | OK | |||
r-release-macos-x86_64 | 1.4-4 | 88.00 | OK | |||
r-release-windows-x86_64 | 1.4-4 | 17.00 | 105.00 | 122.00 | OK | |
r-oldrel-macos-arm64 | 1.4-4 | 47.00 | NOTE | |||
r-oldrel-macos-x86_64 | 1.4-4 | 102.00 | NOTE | |||
r-oldrel-windows-x86_64 | 1.4-4 | 17.00 | 114.00 | 131.00 | OK |
Version: 1.4-4
Check: installed package size
Result: NOTE
installed size is 5.2Mb
sub-directories of 1Mb or more:
data 4.5Mb
Flavors: r-oldrel-macos-arm64, r-oldrel-macos-x86_64