Last updated on 2025-05-03 21:51:36 CEST.
Flavor | Version | Tinstall | Tcheck | Ttotal | Status | Flags |
---|---|---|---|---|---|---|
r-devel-linux-x86_64-debian-clang | 2.6 | 10.31 | 29.52 | 39.83 | NOTE | |
r-devel-linux-x86_64-debian-gcc | 2.6 | 7.73 | 23.20 | 30.93 | NOTE | |
r-devel-linux-x86_64-fedora-clang | 2.6 | 66.90 | OK | |||
r-devel-linux-x86_64-fedora-gcc | 2.6 | 64.08 | OK | |||
r-devel-windows-x86_64 | 2.6 | 16.00 | 80.00 | 96.00 | OK | |
r-patched-linux-x86_64 | 2.6 | 10.20 | 27.50 | 37.70 | OK | |
r-release-linux-x86_64 | OK | |||||
r-release-macos-arm64 | 2.6 | 27.00 | OK | |||
r-release-macos-x86_64 | 2.6 | 43.00 | OK | |||
r-release-windows-x86_64 | 2.6 | 17.00 | 66.00 | 83.00 | OK | |
r-oldrel-macos-arm64 | 2.6 | 30.00 | OK | |||
r-oldrel-macos-x86_64 | 2.6 | 35.00 | OK | |||
r-oldrel-windows-x86_64 | 2.6 | 17.00 | 76.00 | 93.00 | OK |
Version: 2.6
Check: CRAN incoming feasibility
Result: NOTE
Maintainer: ‘Ian Fellows <ian@fellstat.com>’
No Authors@R field in DESCRIPTION.
Please add one, modifying
Authors@R: person(given = "Ian",
family = "Fellows",
role = c("aut", "cre"),
email = "ian@fellstat.com")
as necessary.
Flavors: r-devel-linux-x86_64-debian-clang, r-devel-linux-x86_64-debian-gcc