Last updated on 2025-05-03 21:51:36 CEST.
Flavor | Version | Tinstall | Tcheck | Ttotal | Status | Flags |
---|---|---|---|---|---|---|
r-devel-linux-x86_64-debian-clang | 0.2.1 | 2.92 | 29.26 | 32.18 | NOTE | |
r-devel-linux-x86_64-debian-gcc | 0.2.1 | 2.06 | 23.31 | 25.37 | NOTE | |
r-devel-linux-x86_64-fedora-clang | 0.2.1 | 50.67 | OK | |||
r-devel-linux-x86_64-fedora-gcc | 0.2.1 | 62.63 | OK | |||
r-devel-windows-x86_64 | 0.2.1 | 5.00 | 53.00 | 58.00 | OK | |
r-patched-linux-x86_64 | 0.2.1 | 2.81 | 27.87 | 30.68 | OK | |
r-release-linux-x86_64 | OK | |||||
r-release-macos-arm64 | 0.2.1 | 35.00 | OK | |||
r-release-macos-x86_64 | 0.2.1 | 47.00 | OK | |||
r-release-windows-x86_64 | 0.2.1 | 4.00 | 51.00 | 55.00 | OK | |
r-oldrel-macos-arm64 | 0.2.1 | 27.00 | OK | |||
r-oldrel-macos-x86_64 | 0.2.1 | 41.00 | OK | |||
r-oldrel-windows-x86_64 | 0.2.1 | 5.00 | 58.00 | 63.00 | OK |
Version: 0.2.1
Check: CRAN incoming feasibility
Result: NOTE
Maintainer: ‘Dawei Lang <chiffonlang@icloud.com>’
No Authors@R field in DESCRIPTION.
Please add one, modifying
Authors@R: c(person(given = "Dawei",
family = "Lang",
role = c("aut", "cre"),
email = "chiffonlang@icloud.com"),
person(given = "Guan-tin",
family = "Chien",
role = "aut"))
as necessary.
Flavors: r-devel-linux-x86_64-debian-clang, r-devel-linux-x86_64-debian-gcc