Last updated on 2025-05-03 21:51:36 CEST.
Flavor | Version | Tinstall | Tcheck | Ttotal | Status | Flags |
---|---|---|---|---|---|---|
r-devel-linux-x86_64-debian-clang | 0.6.4 | 4.70 | 36.26 | 40.96 | NOTE | |
r-devel-linux-x86_64-debian-gcc | 0.6.4 | 2.71 | 26.16 | 28.87 | NOTE | |
r-devel-linux-x86_64-fedora-clang | 0.6.4 | 61.81 | OK | |||
r-devel-linux-x86_64-fedora-gcc | 0.6.4 | 58.57 | OK | |||
r-devel-windows-x86_64 | 0.6.4 | 6.00 | 57.00 | 63.00 | OK | |
r-patched-linux-x86_64 | 0.6.4 | 4.36 | 34.27 | 38.63 | OK | |
r-release-linux-x86_64 | OK | |||||
r-release-macos-arm64 | 0.6.4 | 23.00 | OK | |||
r-release-macos-x86_64 | 0.6.4 | 38.00 | OK | |||
r-release-windows-x86_64 | 0.6.4 | 6.00 | 58.00 | 64.00 | OK | |
r-oldrel-macos-arm64 | 0.6.4 | 20.00 | OK | |||
r-oldrel-macos-x86_64 | 0.6.4 | 37.00 | OK | |||
r-oldrel-windows-x86_64 | 0.6.4 | 8.00 | 65.00 | 73.00 | OK |
Version: 0.6.4
Check: CRAN incoming feasibility
Result: NOTE
Maintainer: ‘Tim Bergsma <bergsmat@gmail.com>’
No Authors@R field in DESCRIPTION.
Please add one, modifying
Authors@R: person(given = "Tim",
family = "Bergsma",
role = c("aut", "cre"),
email = "bergsmat@gmail.com")
as necessary.
Flavors: r-devel-linux-x86_64-debian-clang, r-devel-linux-x86_64-debian-gcc