Last updated on 2025-05-03 21:51:36 CEST.
Flavor | Version | Tinstall | Tcheck | Ttotal | Status | Flags |
---|---|---|---|---|---|---|
r-devel-linux-x86_64-debian-clang | 1.7.30 | 45.80 | 33.55 | 79.35 | NOTE | |
r-devel-linux-x86_64-debian-gcc | 1.7.30 | 35.13 | 26.54 | 61.67 | NOTE | |
r-devel-linux-x86_64-fedora-clang | 1.7.30 | 149.36 | NOTE | |||
r-devel-linux-x86_64-fedora-gcc | 1.7.30 | 172.92 | NOTE | |||
r-devel-windows-x86_64 | 1.7.30 | 53.00 | 78.00 | 131.00 | NOTE | |
r-patched-linux-x86_64 | 1.7.30 | 48.08 | 30.76 | 78.84 | NOTE | |
r-release-linux-x86_64 | NOTE | |||||
r-release-macos-arm64 | 1.7.30 | 47.00 | NOTE | |||
r-release-macos-x86_64 | 1.7.30 | 64.00 | NOTE | |||
r-release-windows-x86_64 | 1.7.30 | 54.00 | 82.00 | 136.00 | NOTE | |
r-oldrel-macos-arm64 | 1.7.30 | 46.00 | NOTE | |||
r-oldrel-macos-x86_64 | 1.7.30 | 55.00 | NOTE | |||
r-oldrel-windows-x86_64 | 1.7.30 | 47.00 | 94.00 | 141.00 | NOTE |
Version: 1.7.30
Check: C++ specification
Result: NOTE
Specified C++11: please drop specification unless essential
Flavors: r-devel-linux-x86_64-debian-clang, r-devel-linux-x86_64-debian-gcc, r-devel-linux-x86_64-fedora-clang, r-devel-linux-x86_64-fedora-gcc, r-devel-windows-x86_64, r-patched-linux-x86_64, r-release-linux-x86_64, r-release-macos-arm64, r-release-macos-x86_64, r-release-windows-x86_64, r-oldrel-macos-arm64, r-oldrel-macos-x86_64, r-oldrel-windows-x86_64