Last updated on 2024-06-17 06:50:36 CEST.
Flavor | Version | Tinstall | Tcheck | Ttotal | Status | Flags |
---|---|---|---|---|---|---|
r-devel-linux-x86_64-debian-clang | 1.7.30 | 97.87 | 38.83 | 136.70 | NOTE | |
r-devel-linux-x86_64-debian-gcc | 1.7.30 | 65.18 | 30.36 | 95.54 | NOTE | |
r-devel-linux-x86_64-fedora-clang | 1.7.30 | 202.99 | NOTE | |||
r-devel-linux-x86_64-fedora-gcc | 1.7.30 | 212.30 | NOTE | |||
r-devel-windows-x86_64 | 1.7.30 | 71.00 | 79.00 | 150.00 | NOTE | |
r-patched-linux-x86_64 | 1.7.30 | 75.12 | 38.50 | 113.62 | NOTE | |
r-release-linux-x86_64 | 1.7.30 | 79.97 | 37.98 | 117.95 | NOTE | |
r-release-macos-arm64 | 1.7.30 | 46.00 | NOTE | |||
r-release-macos-x86_64 | 1.7.30 | 55.00 | NOTE | |||
r-release-windows-x86_64 | 1.7.30 | 68.00 | 83.00 | 151.00 | NOTE | |
r-oldrel-macos-arm64 | 1.7.30 | 55.00 | NOTE | |||
r-oldrel-macos-x86_64 | 1.7.30 | 93.00 | NOTE | |||
r-oldrel-windows-x86_64 | 1.7.30 | 67.00 | 88.00 | 155.00 | NOTE |
Version: 1.7.30
Check: C++ specification
Result: NOTE
Specified C++11: please drop specification unless essential
Flavors: r-devel-linux-x86_64-debian-clang, r-devel-linux-x86_64-debian-gcc, r-devel-linux-x86_64-fedora-clang, r-devel-linux-x86_64-fedora-gcc, r-devel-windows-x86_64, r-patched-linux-x86_64, r-release-linux-x86_64, r-release-macos-arm64, r-release-macos-x86_64, r-release-windows-x86_64, r-oldrel-macos-arm64, r-oldrel-macos-x86_64, r-oldrel-windows-x86_64