Last updated on 2024-06-16 11:58:11 CEST.
Flavor | Version | Tinstall | Tcheck | Ttotal | Status | Flags |
---|---|---|---|---|---|---|
r-devel-linux-x86_64-debian-clang | 0.44 | 10.40 | 68.55 | 78.95 | OK | |
r-devel-linux-x86_64-debian-gcc | 0.44 | 5.86 | 50.03 | 55.89 | OK | |
r-devel-linux-x86_64-fedora-clang | 0.44 | 94.34 | OK | |||
r-devel-linux-x86_64-fedora-gcc | 0.44 | 102.16 | OK | |||
r-devel-windows-x86_64 | 0.44 | 10.00 | 103.00 | 113.00 | OK | |
r-patched-linux-x86_64 | 0.44 | 10.45 | 64.40 | 74.85 | OK | |
r-release-linux-x86_64 | 0.44 | 7.15 | 62.82 | 69.97 | OK | |
r-release-macos-arm64 | 0.44 | 75.00 | OK | |||
r-release-macos-x86_64 | 0.44 | 72.00 | NOTE | |||
r-release-windows-x86_64 | 0.44 | 12.00 | 110.00 | 122.00 | OK | |
r-oldrel-macos-arm64 | 0.44 | 74.00 | OK | |||
r-oldrel-macos-x86_64 | 0.44 | 167.00 | OK | |||
r-oldrel-windows-x86_64 | 0.44 | 13.00 | 112.00 | 125.00 | OK |
Version: 0.44
Check: Rd cross-references
Result: NOTE
Package unavailable to check Rd xrefs: ‘yaml’
Flavor: r-release-macos-x86_64