Last updated on 2024-06-17 06:50:36 CEST.
Flavor | Version | Tinstall | Tcheck | Ttotal | Status | Flags |
---|---|---|---|---|---|---|
r-devel-linux-x86_64-debian-clang | 1.7.7.1 | 626.63 | 331.89 | 958.52 | NOTE | |
r-devel-linux-x86_64-debian-gcc | 1.7.7.1 | 570.04 | 271.93 | 841.97 | NOTE | |
r-devel-linux-x86_64-fedora-clang | 1.7.7.1 | 1223.31 | NOTE | |||
r-devel-linux-x86_64-fedora-gcc | 1.7.7.1 | 1754.01 | NOTE | |||
r-devel-windows-x86_64 | 1.7.7.1 | 571.00 | 357.00 | 928.00 | NOTE | |
r-patched-linux-x86_64 | 1.7.7.1 | 683.67 | 334.66 | 1018.33 | NOTE | |
r-release-linux-x86_64 | 1.7.7.1 | 687.36 | 340.65 | 1028.01 | NOTE | |
r-release-macos-arm64 | 1.7.7.1 | 335.00 | NOTE | |||
r-release-macos-x86_64 | 1.7.7.1 | 328.00 | WARN | |||
r-release-windows-x86_64 | 1.7.7.1 | 555.00 | 301.00 | 856.00 | NOTE | |
r-oldrel-macos-arm64 | 1.7.7.1 | 335.00 | NOTE | |||
r-oldrel-macos-x86_64 | 1.7.7.1 | 561.00 | NOTE | |||
r-oldrel-windows-x86_64 | 1.7.7.1 | 667.00 | 426.00 | 1093.00 | NOTE |
Version: 1.7.7.1
Check: for GNU extensions in Makefiles
Result: NOTE
GNU make is a SystemRequirements.
Flavors: r-devel-linux-x86_64-debian-clang, r-devel-linux-x86_64-debian-gcc, r-devel-linux-x86_64-fedora-clang, r-devel-linux-x86_64-fedora-gcc, r-devel-windows-x86_64, r-patched-linux-x86_64, r-release-linux-x86_64, r-release-macos-arm64, r-release-macos-x86_64, r-release-windows-x86_64, r-oldrel-macos-arm64, r-oldrel-macos-x86_64, r-oldrel-windows-x86_64
Version: 1.7.7.1
Check: installed package size
Result: NOTE
installed size is 5.7Mb
sub-directories of 1Mb or more:
libs 4.8Mb
Flavors: r-devel-linux-x86_64-fedora-clang, r-devel-windows-x86_64, r-release-macos-arm64, r-release-macos-x86_64, r-release-windows-x86_64, r-oldrel-macos-arm64, r-oldrel-macos-x86_64, r-oldrel-windows-x86_64
Version: 1.7.7.1
Check: re-building of vignette outputs
Result: WARN
Error(s) in re-building vignettes:
--- re-building ‘discoverYourData.Rmd’ using rmarkdown
--- finished re-building ‘discoverYourData.Rmd’
--- re-building ‘xgboostPresentation.Rmd’ using rmarkdown
--- finished re-building ‘xgboostPresentation.Rmd’
--- re-building ‘xgboostfromJSON.Rmd’ using rmarkdown
--- finished re-building ‘xgboostfromJSON.Rmd’
--- re-building ‘xgboost.Rnw’ using knitr
Error: processing vignette 'xgboost.Rnw' failed with diagnostics:
Running 'texi2dvi' on 'xgboost.tex' failed.
LaTeX errors:
! Undefined control sequence.
l.130 \hlkwd{library}\hldef
{(xgboost)}
?
! Emergency stop.
! Emergency stop.
l.130
End of file on the terminal!
! ==> Fatal error occurred, no output PDF file produced!
--- failed re-building ‘xgboost.Rnw’
SUMMARY: processing the following file failed:
‘xgboost.Rnw’
Error: Vignette re-building failed.
Execution halted
Flavor: r-release-macos-x86_64