Last updated on 2025-05-03 21:51:36 CEST.
Flavor | Version | Tinstall | Tcheck | Ttotal | Status | Flags |
---|---|---|---|---|---|---|
r-devel-linux-x86_64-debian-clang | 0.6.5 | 6.97 | 107.93 | 114.90 | NOTE | |
r-devel-linux-x86_64-debian-gcc | 0.6.5 | 6.12 | 84.23 | 90.35 | NOTE | |
r-devel-linux-x86_64-fedora-clang | 0.6.5 | 189.35 | OK | |||
r-devel-linux-x86_64-fedora-gcc | 0.6.5 | 193.02 | OK | |||
r-devel-windows-x86_64 | 0.6.5 | 7.00 | 99.00 | 106.00 | OK | |
r-patched-linux-x86_64 | 0.6.5 | 7.88 | 102.91 | 110.79 | OK | |
r-release-linux-x86_64 | OK | |||||
r-release-macos-arm64 | 0.6.5 | 74.00 | OK | |||
r-release-macos-x86_64 | 0.6.5 | 111.00 | OK | |||
r-release-windows-x86_64 | 0.6.5 | 9.00 | 97.00 | 106.00 | OK | |
r-oldrel-macos-arm64 | 0.6.5 | 56.00 | OK | |||
r-oldrel-macos-x86_64 | 0.6.5 | 78.00 | OK | |||
r-oldrel-windows-x86_64 | 0.6.5 | 9.00 | 120.00 | 129.00 | OK |
Version: 0.6.5
Check: examples
Result: NOTE
Examples with CPU time > 2.5 times elapsed time
user system elapsed ratio
Sheet 1.002 0.034 0.347 2.986
Flavor: r-devel-linux-x86_64-debian-clang
Version: 0.6.5
Check: examples
Result: NOTE
Examples with CPU time > 2.5 times elapsed time
user system elapsed ratio
NamedRanges 1.092 0.033 0.35 3.214
Flavor: r-devel-linux-x86_64-debian-gcc