Last updated on 2025-05-03 21:51:36 CEST.
Flavor | Version | Tinstall | Tcheck | Ttotal | Status | Flags |
---|---|---|---|---|---|---|
r-devel-linux-x86_64-debian-clang | 0.1.2 | 5.21 | 57.85 | 63.06 | NOTE | |
r-devel-linux-x86_64-debian-gcc | 0.1.2 | 3.76 | 39.41 | 43.17 | NOTE | |
r-devel-linux-x86_64-fedora-clang | 0.1.2 | 86.92 | OK | |||
r-devel-linux-x86_64-fedora-gcc | 0.1.2 | 94.51 | OK | |||
r-devel-windows-x86_64 | 0.1.2 | 6.00 | 69.00 | 75.00 | OK | |
r-patched-linux-x86_64 | 0.1.2 | 5.16 | 52.17 | 57.33 | OK | |
r-release-linux-x86_64 | OK | |||||
r-release-macos-arm64 | 0.1.2 | 30.00 | OK | |||
r-release-macos-x86_64 | 0.1.2 | 53.00 | OK | |||
r-release-windows-x86_64 | 0.1.2 | 7.00 | 70.00 | 77.00 | OK | |
r-oldrel-macos-arm64 | 0.1.2 | 27.00 | NOTE | |||
r-oldrel-macos-x86_64 | 0.1.2 | 41.00 | NOTE | |||
r-oldrel-windows-x86_64 | 0.1.2 | 8.00 | 87.00 | 95.00 | NOTE |
Version: 0.1.2
Check: CRAN incoming feasibility
Result: NOTE
Maintainer: ‘Hitoshi Iuchi <hiuchi@sfc.keio.ac.jp>’
No Authors@R field in DESCRIPTION.
Please add one, modifying
Authors@R: c(person(given = "Hitoshi",
family = "Iuchi",
role = c("aut", "cre"),
email = "hiuchi@sfc.keio.ac.jp"),
person(given = c("Rikuhiro", "G."),
family = "Yamada",
role = "aut"))
as necessary.
Flavors: r-devel-linux-x86_64-debian-clang, r-devel-linux-x86_64-debian-gcc
Version: 0.1.2
Check: LazyData
Result: NOTE
'LazyData' is specified without a 'data' directory
Flavors: r-oldrel-macos-arm64, r-oldrel-macos-x86_64, r-oldrel-windows-x86_64