CRAN Package Check Results for Package yager

Last updated on 2025-07-23 21:52:04 CEST.

Flavor Version Tinstall Tcheck Ttotal Status Flags
r-devel-linux-x86_64-debian-clang 0.1.1 2.89 28.23 31.12 NOTE
r-devel-linux-x86_64-debian-gcc 0.1.1 2.14 22.63 24.77 NOTE
r-devel-linux-x86_64-fedora-clang 0.1.1 47.36 OK
r-devel-linux-x86_64-fedora-gcc 0.1.1 45.52 OK
r-devel-windows-x86_64 0.1.1 4.00 52.00 56.00 OK
r-patched-linux-x86_64 0.1.1 2.70 26.64 29.34 OK
r-release-linux-x86_64 0.1.1 2.58 26.41 28.99 OK
r-release-macos-arm64 0.1.1 21.00 OK
r-release-macos-x86_64 0.1.1 33.00 OK
r-release-windows-x86_64 0.1.1 4.00 57.00 61.00 OK
r-oldrel-macos-arm64 0.1.1 20.00 NOTE
r-oldrel-macos-x86_64 0.1.1 36.00 NOTE
r-oldrel-windows-x86_64 0.1.1 5.00 57.00 62.00 NOTE

Check Details

Version: 0.1.1
Check: CRAN incoming feasibility
Result: NOTE Maintainer: ‘WenSui Liu <liuwensui@gmail.com>’ No Authors@R field in DESCRIPTION. Please add one, modifying Authors@R: person(given = "WenSui", family = "Liu", role = c("aut", "cre"), email = "liuwensui@gmail.com") as necessary. Flavors: r-devel-linux-x86_64-debian-clang, r-devel-linux-x86_64-debian-gcc

Version: 0.1.1
Check: LazyData
Result: NOTE 'LazyData' is specified without a 'data' directory Flavors: r-oldrel-macos-arm64, r-oldrel-macos-x86_64, r-oldrel-windows-x86_64