Last updated on 2025-05-03 21:51:36 CEST.
Flavor | Version | Tinstall | Tcheck | Ttotal | Status | Flags |
---|---|---|---|---|---|---|
r-devel-linux-x86_64-debian-clang | 0.15.1 | 2.27 | 20.49 | 22.76 | NOTE | |
r-devel-linux-x86_64-debian-gcc | 0.15.1 | 1.68 | 16.85 | 18.53 | NOTE | |
r-devel-linux-x86_64-fedora-clang | 0.15.1 | 34.13 | OK | |||
r-devel-linux-x86_64-fedora-gcc | 0.15.1 | 32.66 | OK | |||
r-devel-windows-x86_64 | 0.15.1 | 4.00 | 53.00 | 57.00 | OK | |
r-patched-linux-x86_64 | 0.15.1 | 2.40 | 19.64 | 22.04 | NOTE | |
r-release-linux-x86_64 | NOTE | |||||
r-release-macos-arm64 | 0.15.1 | 17.00 | OK | |||
r-release-macos-x86_64 | 0.15.1 | 27.00 | OK | |||
r-release-windows-x86_64 | 0.15.1 | 4.00 | 50.00 | 54.00 | OK | |
r-oldrel-macos-arm64 | 0.15.1 | 13.00 | OK | |||
r-oldrel-macos-x86_64 | 0.15.1 | 21.00 | OK | |||
r-oldrel-windows-x86_64 | 0.15.1 | 4.00 | 48.00 | 52.00 | OK |
Version: 0.15.1
Check: CRAN incoming feasibility
Result: NOTE
Maintainer: ‘Greg Lamp <greg@yhathq.com>’
No Authors@R field in DESCRIPTION.
Please add one, modifying
Authors@R: c(person(given = "Greg",
family = "Lamp",
role = c("aut", "cre"),
email = "greg@yhathq.com"),
person(given = "Stevie",
family = "Smith",
role = "aut",
email = "dev@yhathq.com"),
person(given = "Ross",
family = "Kippenbrock",
role = "aut",
email = "ross@yhathq.com"))
as necessary.
Flavors: r-devel-linux-x86_64-debian-clang, r-devel-linux-x86_64-debian-gcc
Version: 0.15.1
Check: for unstated dependencies in ‘demo’
Result: NOTE
'library' or 'require' calls not declared from:
‘plyr’ ‘randomForest’
Flavors: r-devel-linux-x86_64-debian-clang, r-devel-linux-x86_64-debian-gcc, r-patched-linux-x86_64, r-release-linux-x86_64