CRAN Package Check Results for Package yyjsonr

Last updated on 2025-05-03 21:51:36 CEST.

Flavor Version Tinstall Tcheck Ttotal Status Flags
r-devel-linux-x86_64-debian-clang 0.1.20 19.45 32.98 52.43 NOTE
r-devel-linux-x86_64-debian-gcc 0.1.20 22.91 26.11 49.02 NOTE
r-devel-linux-x86_64-fedora-clang 0.1.20 82.01 NOTE
r-devel-linux-x86_64-fedora-gcc 0.1.20 129.50 NOTE
r-devel-windows-x86_64 0.1.20 30.00 63.00 93.00 NOTE
r-patched-linux-x86_64 0.1.20 28.89 31.73 60.62 NOTE
r-release-linux-x86_64 NOTE
r-release-macos-arm64 0.1.20 39.00 NOTE
r-release-macos-x86_64 0.1.20 75.00 NOTE
r-release-windows-x86_64 0.1.20 31.00 65.00 96.00 NOTE
r-oldrel-macos-arm64 0.1.20 43.00 OK
r-oldrel-macos-x86_64 0.1.20 54.00 OK
r-oldrel-windows-x86_64 0.1.20 39.00 72.00 111.00 OK

Additional issues

rchk

Check Details

Version: 0.1.20
Check: compiled code
Result: NOTE File ‘yyjsonr/libs/yyjsonr.so’: Found non-API calls to R: ‘R_lsInternal’, ‘SETLENGTH’, ‘SET_GROWABLE_BIT’, ‘SET_TRUELENGTH’ Compiled code should not call non-API entry points in R. See ‘Writing portable packages’ in the ‘Writing R Extensions’ manual, and section ‘Moving into C API compliance’ for issues with the use of non-API entry points. Flavors: r-devel-linux-x86_64-debian-clang, r-devel-linux-x86_64-debian-gcc, r-devel-linux-x86_64-fedora-clang, r-devel-linux-x86_64-fedora-gcc, r-patched-linux-x86_64, r-release-linux-x86_64, r-release-macos-arm64, r-release-macos-x86_64

Version: 0.1.20
Check: compiled code
Result: NOTE File 'yyjsonr/libs/x64/yyjsonr.dll': Found non-API calls to R: 'R_lsInternal', 'SETLENGTH', 'SET_GROWABLE_BIT', 'SET_TRUELENGTH' Compiled code should not call non-API entry points in R. See 'Writing portable packages' in the 'Writing R Extensions' manual, and section 'Moving into C API compliance' for issues with the use of non-API entry points. Flavors: r-devel-windows-x86_64, r-release-windows-x86_64